*2 + n + 4. Let y be p(-7). Let x = y + -16. Is x a composite number?
False
Let y(w) = 28*w**2 + 7*w + 1. Is y(-6) prime?
True
Let m = -156 - -473. Is m prime?
True
Let h(s) = 2*s**2 - 8*s + 2. Let d be h(6). Is (d/(-8))/(2/(-24)) prime?
False
Let t(q) be the third derivative of 13*q**6/20 + q**4/24 - 4*q**2. Suppose -3*c + s - 5*s - 17 = 0, -5*s - 23 = 2*c. Is t(c) composite?
False
Let p be (-3)/((-1)/66*2). Suppose -v + 0 = 3, 0 = 2*w + v - p. Is w a composite number?
True
Let d(o) = -3*o**3 + 7*o**2 + 8*o + 33. Is d(-7) composite?
True
Let r = 115 + 0. Let i be 2/(1 - 2) - -2. Suppose -5*u + i*u = -r. Is u a prime number?
True
Let t(w) = -275*w + 5. Let r(q) = -55*q + 1. Let o(i) = 11*r(i) - 2*t(i). Let b be o(-2). Suppose -2*z + x = -x - 46, 5*z = x + b. Is z composite?
True
Let x(m) = -5 + 2 + 2 - 4*m - 10*m. Is x(-6) prime?
True
Let c(u) = -93*u**3 - 2*u**2 - 2*u. Suppose -k - 5*f + 18 = 0, -2 = f - 6. Let n be c(k). Let w = n + -411. Is w a prime number?
False
Let m(s) = -3 + 2 - 6*s**2 + 25*s**2 - s. Let r(g) = g**2 - 8*g + 5. Let b be r(7). Is m(b) prime?
False
Let o(m) = -3*m - 7. Let j(r) = -2*r - 6. Let v(i) = -5*j(i) + 4*o(i). Let z be v(-3). Is 1/(z/106)*4 prime?
True
Is (-1)/2*(-294)/3 prime?
False
Let b(y) = -y**3 - 4*y**2 - y + 4. Let s be b(-3). Let d be 2 - 0 - (25 + s). Is (d/(-2))/3*2 a prime number?
True
Let w be -3 + 0 + 2 + 82. Let x = 139 - w. Is x prime?
False
Suppose 926 + 1419 = 5*f. Is f composite?
True
Let g(c) = 7*c + 1 - 2*c + 5*c - 4*c. Is g(6) a composite number?
False
Suppose 66 = -4*o - 442. Let w = 266 + o. Suppose 0*a + a - w = 4*y, -15 = 5*y. Is a a prime number?
True
Let d(r) = -r + 4. Let k be d(0). Let y be 4*(-2 + 113/k). Suppose 5*g - 10*g = -y. Is g prime?
False
Let g(s) = -7*s**3 - 6*s**2 - 7*s - 10. Let y be g(6). Is y/(-14) + 4/(-28) prime?
True
Suppose -c - 9 + 4 = 0. Let h(g) = 2*g**2 + 8*g + 4. Let r be h(c). Suppose -r = -2*d - 0. Is d composite?
False
Suppose -h = -4*f - 150, 4*h = -2*f + 575 - 47. Is h composite?
True
Let b(s) = -3*s - 2. Let f be b(2). Let r = -4 - f. Suppose 70 = a + r*a. Is a a composite number?
True
Let p = 54 - 115. Let m = 120 + p. Is m a prime number?
True
Let k(j) = -j**3 - j**2 + 8*j - 4. Let l be k(3). Is 4*(-4 + (-660)/l) composite?
False
Let o(q) = 43*q + 14. Let m(t) = -t - 1. Let h(u) = -10*u - 1. Let j(s) = -h(s) - 4*m(s). Let f(n) = -17*j(n) + 6*o(n). Is f(2) composite?
True
Let r(b) = 36*b**3 - 3*b**2 + 17*b - 3. Let l(f) = 12*f**3 - f**2 + 6*f - 1. Let y(m) = -11*l(m) + 4*r(m). Let t be y(-2). Is t/(-10) + 1/(-2) prime?
False
Let q = 64 - 39. Let p be 115/q - (-4)/10. Suppose l - c + 2 - 4 = 0, -2*l - 8 = -p*c. Is l a composite number?
True
Let g(y) = 2*y**2 + 11*y + 3. Let r(a) = -3*a**2 - 21*a - 7. Let m(k) = 7*g(k) + 4*r(k). Is m(-10) composite?
False
Let n be 12*4/(8/11). Let o(l) = -5*l**3 + l**2 + 3*l - 3. Let g be o(2). Let d = n + g. Is d composite?
True
Let o = 30 + -23. Is o a prime number?
True
Is (851 + -12)*(3 + (0 - 2)) a prime number?
True
Suppose -7 = -q - t, -2*t = q + 3*t - 15. Suppose -2*x + x = -q. Suppose -i + x*i = 220. Is i prime?
False
Let f(v) = -2 + v**3 + v**2 + 3*v**2 + 3*v + v**2. Let d be f(-3). Let o = d - 4. Is o composite?
False
Suppose 4*d = 6*z - 4*z + 492, 5*d - 629 = -z. Let q = 178 - d. Is q a composite number?
False
Let g(p) = p**2 - 6*p + 6. Let u be g(4). Let y be u - (4/2)/(-1). Suppose y = 5*r - 241 + 46. Is r a composite number?
True
Suppose 4*s - 15 - 5 = 0. Suppose 4*g - 129 = -s*n, g - 8 = 5*n + 18. Let q = -16 + g. Is q composite?
True
Let b = 3699 - 1392. Is b prime?
False
Let t = 11 - -15. Is t a composite number?
True
Let n = 803 - 460. Let q = n + -225. Is q a composite number?
True
Suppose 0*s + 5*r = -s - 4, 0 = -s - r + 4. Suppose 0 = w - 4 - s. Is w a composite number?
True
Let d = -24 - -125. Let t = d + -61. Suppose 3*n + t = 7*n. Is n prime?
False
Suppose 2*a + 38 = -8. Let z = a - -37. Is z a prime number?
False
Let y(i) = i**3 + 3*i**2 - 5*i - 1. Let p be y(-4). Suppose 3*b - 48 = 3*o - 0*o, -p*b - 3*o = -48. Is 780/b - (-1)/4 a prime number?
False
Let l(z) = 2*z**2 - 4*z + 4. Let o be l(5). Let t be o/6 + 10/(-15). Suppose -t*i + 69 = 4. Is i a prime number?
True
Let l(y) = 2*y**3 + 34*y**2 - 3*y - 2. Is l(-15) prime?
False
Let h be 0 - (-77 - (-1 + 4)). Let t be (-2 - -1)/(2/(-6)). Suppose 2*o + 3*p + 31 = 3*o, 2*o + t*p = h. Is o prime?
True
Let o(y) = 3*y - 7*y - 2 + 2*y + y**2. Let t be o(-2). Is t/33 - 126/(-33) composite?
True
Is 1400 + ((-16)/48)/(1/9) composite?
True
Is (-6)/(-15) - (-793)/5 a prime number?
False
Let r(j) be the first derivative of 3*j**3 - 5*j**2/2 + 3*j - 4. Let y be r(4). Let s = y + -32. Is s composite?
True
Suppose 0 = -2*v + 7*v. Suppose v = 3*n + n - 16. Suppose 2*x = -2*f + 74, -f - n*x + 25 = -18. Is f composite?
True
Let z be 1*0/(0 + 2). Suppose p - 6 = -3*l, z*p - 18 = -3*p - 4*l. Let g(b) = 9*b - 7. Is g(p) composite?
False
Let z be -50 + (1*-2 - -4). Let j = 103 + z. Is j prime?
False
Suppose -5*z = s - 950, 0 = 2*s - s - 3*z - 958. Is s a prime number?
False
Let k = 106 - -63. Suppose a - k = 84. Is a a prime number?
False
Let k = -1 - -2. Let c(l) = l**3 + 3*l**2 - 2*l - 1. Let p be c(3). Let n = p - k. Is n prime?
False
Suppose -p - 5*f = -5, 2*p - 2*f + 2 = -2*p. Is -2*((-178)/4 + p) a prime number?
True
Let f = 21 + -25. Let d(x) = -x**3 - 3*x**2 - 4*x - 1. Is d(f) composite?
False
Let o = -6 - -38. Let r = o - -53. Is r composite?
True
Let i be ((-4)/10)/((-3)/(-150)). Let l = i + 13. Is (-44)/l - 4/14 a prime number?
False
Let z(h) = -5*h**2 - h - 7. Let f(k) = -10*k**2 - 3*k - 13. Let p(n) = -3*f(n) + 5*z(n). Is p(5) a prime number?
True
Suppose 324 = 2*d + 8. Is d prime?
False
Is 6/33 - 60756/(-44) prime?
True
Suppose -3*l + 9 = 0, -4*z + 17 = l - 2. Suppose -3*q = -z*q + 113. Is q prime?
True
Suppose -20*y + 2301 = -17*y. Is y a composite number?
True
Let r = -1418 - -2373. Is r prime?
False
Let h be 14*(-3)/(-3) - -3. Suppose -2*w - 8 = -6*w. Is 1 - h/w*-4 composite?
True
Suppose 3*x + 3 = -0*x. Is (-215)/x + 0/4 a prime number?
False
Let o = -76 - -237. Let q = o - 78. Is q a composite number?
False
Suppose -r = -5*r + 2*i + 6676, -3*i + 12 = 0. Suppose 4*k = 3*p - 1671, -3*p + 3*k + r = -0*p. Is p a composite number?
False
Let g = 7 + -4. Suppose 0*d + 2*r = g*d - 161, -2*r = -4*d + 216. Is d a composite number?
True
Suppose 0 = 5*v - 0*v - 10, -3*t = -2*v - 5075. Is t prime?
True
Let o = 592 + -75. Is o composite?
True
Suppose 3*x - 408 = 3*t, -4*x + 346 = -2*t - 208. Is x composite?
True
Let g be 15/(-10)*(-4)/3. Let q = g - -8. Is q composite?
True
Suppose -248 = 5*c - c. Is 2 - (c + -2 + 1) composite?
True
Let i(h) = h**2 - 3*h + 2. Let c be i(3). Suppose -155 = -3*z + 4*a, c*z - 6*a = -2*a + 110. Let m = z + 1. Is m a prime number?
False
Suppose 2*u - 9 = 9. Suppose 0 = 4*q + y - u, -2*q = y - 1 - 2. Suppose 3 = -q*r, 2*r = -3*j + 4*r + 179. Is j composite?
False
Suppose -5*z - 1 = 2*x + 2, 0 = z + 5*x + 19. Let t(c) = 56*c**2 - 1 + 1 + c. Is t(z) prime?
False
Suppose 4*n + 5*r = 10, -5*r = -3*n - 3*r - 4. Let d be -3 + (-1 - n - -482). Let s = 729 - d. Is s prime?
True
Let l(j) = 12*j**2 - j - 4. Is l(5) composite?
True
Suppose 80 = 4*g + 32. Is (422/(-3))/((-8)/g) a composite number?
False
Suppose 0 = d + 3*d + 4, 2*r - 3 = -5*d. Suppose -366 = -3*x - 3*l, r*x - 3*l - 118 = 3*x. Is x a prime number?
False
Let y be 5/(5/(-2)) - -16. Let x = -9 + y. Suppose -4*t = x*z - 130, -4*t - t - 5*z + 165 = 0. Is t composite?
True
Let z(h) = -h**2 + 4*h - 4. Let i be z(4). Let j(d) = -2*d**3 - 4*d**2 + 2*d - 5. Is j(i) a composite number?
True
Let d be 0 + 0*(1 - 2). Let l be (d/(0 - -1))/1. Suppose -4*c + 113 + 11 = l. Is c composite?
False
Suppose 4*t = -5*z + 303, -z + 2*t + 51 = -2*t. Is z a composite number?
False
Let l(j) = 113*j**2 + j - 1. Let a(b) = b**3 + 5*b**2 - 2*b - 7. Let z be a(-5). Let t(y) = -y**3 + 2*y**2 + 3*y + 1. Let u be t(z). Is l(u) composite?
False
Let v(x) = -x**2 + 7*x + 2. Let u be v(7). Let t(s) = -3 - 2*s + 2 + s + 20*s**2. Is t(u) composite?
True
Let m(b) = -b**3 - 4*b**2 + b + 5. Let y be m(-5). Suppose 0 = -2*q + y + 217. Is q composite?
True
Let m(n) = n**3 + n**2 - 3*n + 1. Let k(q) = q**3 + q**2 - 4*q + 1. L